 is the highest common divisor of n and j?
20
Suppose 4*k - 3*m - 8632 = 0, -47*m - 10790 = -5*k - 52*m. Calculate the highest common divisor of 26 and k.
26
Let h(j) = -2*j + 57. Let u be h(21). Suppose -3*c - 3711 = -5*z + 1755, -3*c = -z + 1086. What is the highest common factor of z and u?
15
Let g = 125 - 55. Suppose 3*d + 19 = g. What is the highest common divisor of 272 and d?
17
Let x(k) = -k**2 - 1. Let m(n) = -13*n**2 - 3*n. Let g(l) = -m(l) - 3*x(l). Let h be g(-1). Calculate the highest common divisor of h and 4.
4
Let y be (-4)/(-30) - 522560/(-4800). What is the highest common factor of 9047 and y?
109
Suppose 58 = 2*i + 3*j, -i - 1 + 23 = -2*j. What is the highest common factor of i and 1105?
13
Suppose 0 = -2*x + 4*b - 106, 3*x + b + 185 = -x. Let t(c) = -11*c + 5. Let l be t(-6). Let a = x + l. What is the greatest common factor of a and 120?
24
Let i(z) = -6*z**2 - 40*z + 50. Let t be i(0). Calculate the highest common divisor of t and 475.
25
Let g(b) = -4*b + 46. Suppose -38*z = -29*z - 81. Let k be g(z). What is the highest common factor of k and 2?
2
Let a be ((-2)/(-6))/(-1 + (-110)/(-99)). Suppose -10*v + p - 20 = -15*v, -4 = -v + a*p. Calculate the highest common divisor of v and 44.
4
Suppose 0 = -2*s + 2*h + 208, 4*h = -4*s - 113 + 513. Let f = 234 - s. Suppose -4*o + 80 = 4*a - 52, 0 = -5*o. Calculate the highest common divisor of a and f.
33
Let y be (-7*3/(-12))/(9/180). Suppose y*k + 234 = 2684. What is the greatest common factor of k and 350?
70
Let w(n) = 18*n**2 - 2*n - 4. Suppose 2 - 12 = 5*h. Let o be w(h). Let u be -13 + 0 - (5 - 24). What is the greatest common divisor of o and u?
6
Let w be (10/(-8))/((-4)/96). Let c = -4337 + 4415. Calculate the greatest common divisor of w and c.
6
Let s = -47 + 79. Let v(j) = s*j + 6 - 27*j + 30. Let d be v(12). Calculate the highest common factor of d and 32.
32
Let f be (-126)/(-14)*80/3. Calculate the highest common divisor of f and 15.
15
Let q(z) = z**3 + 12*z**2 - 3*z. Let i be q(-12). Let b = i - 29. Let w = 7 + b. Calculate the highest common factor of w and 70.
14
Let j be 292292/24 - (-43)/258. Calculate the highest common factor of 19 and j.
19
Let m be (22/18)/(174/(-1566))*(-890)/2. Calculate the highest common divisor of m and 275.
55
Let a = 25311 - 19811. Calculate the highest common factor of 1540 and a.
220
Let l(g) = -2*g**2 - 7*g + 6. Let m be l(-4). Suppose -m*w - 2 = 0, -5*t - 2*w + 6*w + 414 = 0. Calculate the highest common divisor of t and 82.
82
Let z(c) = -3*c + 3. Let b be z(3). Let y be 690/(-40)*16/b. Suppose -5*l + y + 114 = 0. Calculate the greatest common divisor of 352 and l.
32
Let z be 27/2 + (-2)/4. Let w(x) = 4*x + 1. Let a be w(z). What is the greatest common factor of 265 and a?
53
Let s = -786 + 485. Let z = s + 476. Calculate the greatest common factor of 140 and z.
35
Suppose 5*j - 232 = -57. Suppose -g + 15*g = 168. Let t be -4 + (-12)/18 + 4676/g. Calculate the greatest common factor of t and j.
35
Let i be 19 + (-2)/(34/(-302379)). Calculate the highest common divisor of i and 58.
58
Let h(o) be the second derivative of -9*o + 5/3*o**3 + 5*o**2 + 0. Let g be h(4). Calculate the highest common divisor of 75 and g.
25
Let i = -8584 + 8936. What is the highest common divisor of 512 and i?
32
Let i = 18 - 9. Let p = -276 - -330. What is the greatest common factor of p and i?
9
Suppose -662*f + 685*f = 828. Calculate the highest common divisor of 9 and f.
9
Let g be 0 + (40/(-14))/(6/(-21)). Suppose g*w = 5*w - 50. Let f = w - -13. Calculate the highest common factor of 39 and f.
3
Let f(t) = 11*t + 49. Let d be f(-19). Let a be 3/((-2)/d*5). What is the greatest common divisor of 3 and a?
3
Let w = 7781 + -7671. What is the highest common factor of w and 198?
22
Let p = 341 + -342. Let l be (-52 + 25)*1*p. What is the greatest common divisor of l and 126?
9
Let r = -244 + 336. Suppose 85*x - r*x + 1330 = 0. Calculate the highest common divisor of x and 19.
19
Let o(c) = -3*c - 14. Let g = 15 - 24. Let d be o(g). Let v be 127 + -9 - (0 + 1). What is the highest common factor of v and d?
13
Suppose 13*b - 16*b = -w - 139, w + 93 = 2*b. Let h(g) = -4*g**2 - 52*g - 7. Let l be h(-6). Calculate the highest common factor of l and b.
23
Suppose -4*h = -s + 2284, -3*s + 8*h - 13*h + 6937 = 0. Calculate the highest common factor of 144 and s.
144
Let s(l) = 706*l + 3218. Let k be s(5). What is the highest common factor of 56 and k?
28
Let v be ((-1)/(5/6))/(32/(-2240)). Suppose -5*t + 4*f = -248, -f = 6 - 4. Calculate the greatest common divisor of t and v.
12
Let h be (5050/(-28))/(-5) - 22/308. Let l(v) = 20*v + 4. Let z be l(4). Calculate the greatest common factor of h and z.
12
Let z be ((-2 - -1) + -6)*1459/(-1459). Let h = 480 - 137. What is the greatest common factor of h and z?
7
Let c(u) = 22*u - 319. Let v be c(18). Suppose -19*w - v = -324. Suppose 199 = 4*d - 9. What is the highest common divisor of w and d?
13
Let v = -975 + 955. Let o be (v/(-3) + -7)*(-2 + -505). Calculate the highest common factor of o and 13.
13
Suppose 0 = -3*p - 7*p + 3242 + 1878. Calculate the greatest common factor of 448 and p.
64
Let v be (-96)/(-52) + -2 + 290/26. Suppose 0 = -d + 3*d - 992. Suppose -119 = -2*g + r + 119, -4*g - 3*r + d = 0. What is the highest common factor of v and g?
11
Let i(l) = 4*l**2 + 4*l - 18. Let m be i(2). Let p be (8 - (-1160)/30)*m/4. What is the greatest common divisor of 490 and p?
70
Let l = 828 - 496. Suppose y - 2*k - l = -0*k, -1648 = -5*y - 2*k. What is the greatest common factor of 66 and y?
66
Suppose 17*h - 57*h + 6399 = -18081. Calculate the highest common factor of 2176 and h.
68
Let s be (-20066)/(-16) - (-61)/(-488). What is the greatest common divisor of s and 285?
57
Suppose 147 - 431 = -98*z + 1480. Let t be -6*15*(2 - 3). What is the greatest common divisor of t and z?
18
Let t be (-2 - (-36)/16) + (-123032)/(-32). Calculate the highest common factor of t and 5.
5
Let g = -2895 + 3470. Calculate the greatest common factor of g and 23.
23
Let x(r) = -r**2 - 8*r + 7. Let c be x(25). Let s = c - -828. What is the greatest common divisor of 1510 and s?
10
Let z = 15 - 15. Suppose -7*c + 4*c = z. Let u be -1*(2 - 16) + c. What is the greatest common divisor of u and 70?
14
Suppose -4340 - 15820 = -280*v. Calculate the greatest common divisor of 744 and v.
24
Suppose -4*q - 5*q + 2400 = -4*q. Calculate the highest common divisor of 1824 and q.
96
Suppose 11*v = 2*x + 9*v - 152, -2*v + 70 = x. Suppose 2*q - 333 = -q. Calculate the highest common divisor of x and q.
37
Let m(t) = 2*t - 2. Let h be m(7). Let g be (-2)/(3/((-42)/4)). Suppose -3*d + 173 = -g. What is the greatest common factor of d and h?
12
Suppose -2*y - 2*y = 336. Let t be 24/y + (111/7)/3. Suppose -w - 51 = -5*w - x, -w - 3 = -t*x. What is the greatest common factor of 4 and w?
4
Suppose -718 - 3254 = -6*u. Suppose -658*g + u*g = 84. Calculate the highest common factor of g and 693.
21
Let n = -4944 - -5312. Calculate the highest common factor of n and 1426.
46
Let i be 460/6 + (-2)/3. Suppose -5*c = -3*o - 72, 5*c = -o - 0*o + i. Let y = 449 + -443. Calculate the greatest common factor of y and c.
3
Suppose -30*l - 171*l + 7524 = 27*l. Calculate the highest common factor of l and 1065.
3
Let m(w) = w**2 + 19*w - 65. Let o be m(9). Let z = o + -149. Calculate the highest common factor of z and 323.
19
Let o be (114/60 + (-4)/10)*-4. Let w be (-2)/o - (146/(-3) - 5). Let r be (0 - (-906)/w) + (-4)/(-18). What is the highest common factor of r and 85?
17
Let m be (0 - (-2 + 0))/(-1). Let k be (-621)/(-12) + m/(-8). What is the greatest common factor of k and 4?
4
Let l(z) = 3*z**2 + 1. Let u be l(1). Let r(a) = a**2 + 32*a - 244. Let o be r(8). What is the highest common factor of u and o?
4
Suppose 0 = -0*p - 2*p + 638. Let i(a) = 37*a - 267. Let g be 12/(((-4)/(-8) + -2)*-1). Let n be i(g). Calculate the highest common divisor of p and n.
29
Suppose -250*v + 3888 + 7612 = 0. Let c be 206/1 - 2/(-2). Calculate the highest common factor of c and v.
23
Let a = 11 + 109. What is the highest common factor of 444 and a?
12
Let k = -923 - 30. Let g = -932 - k. What is the highest common factor of g and 392?
7
Let j(l) = 12*l + 111. Let u be